9
Evaluate (-83 - 17 - -77) + (-2 - -29) + -151.
-147
What is -3 - (-24 - (-5 - 6) - -35)?
-25
What is the value of -3 + 11 - (-191 - -171)?
28
What is (13 - 35) + (1 - -10) - -12 - 2?
-1
What is -123 + (21 + 30 - -23)?
-49
(2 - -11) + 4 + -1 - (638 - 579)
-43
Calculate 155 - 145 - ((2 - 2) + 22).
-12
1 + -13 + 94 + -37 + 11 + (0 - -12)
68
Evaluate (-9 - (-1 - (6 + 39))) + (35 - 43).
29
Calculate (-93 + -30 + 29 - 12) + (12 + 1 - 2).
-95
What is the value of -6 + (6 - (-5 + 72) - (10 - 14) - -7)?
-56
What is the value of 47 + 6 - (-2 + 2) - (4 - -3 - 9)?
55
Calculate 28 + (-117 - -60) - -38.
9
Calculate -104 - -108 - (7 + -3 + 2 + (31 - 3)).
-30
What is (-40 - -54) + (-3 - -5) + -8 + (-62 - 31)?
-85
Calculate (106 - 1) + (-1476 - -1433).
62
Calculate 22 - (72 - (43 - 29)).
-36
Calculate (2 - (6 + -76)) + (8 - (-5 + 10)) + -6.
69
Calculate 22 - (3 + 1) - (-52 - (10 - 34)).
46
Evaluate 17 - (-9 + 24 + 14 + -21).
9
What is the value of 2 + 46 + 0 - (34 + -135 + 113)?
36
Calculate (15 - (-3 - 2)) + (-24 - -59 - 59).
-4
What is the value of -7 + -2 - (0 + 2 + -1) - (2369 - 2358)?
-21
What is the value of -361 + 368 - (-7 + 7 + 62 - -2)?
-57
What is the value of -63 + 64 + -134 + 123?
-10
Evaluate 16 + (-11 - -9) + 10 + -36.
-12
Evaluate 4 + -3 - (-125 - (23 + -162)).
-13
(22 - 4) + (5 - (5 - 8 - -21))
5
Evaluate 2 + -11 + 2 + ((23 - 7) + -10 - 85).
-86
What is the value of (38 - (47 + 19)) + (-1 - 9)?
-38
Calculate 20 - (-19 + (-8 - 1) + 5).
43
(-1 - 15 - -10) + -45 + 3 + 8
-40
Calculate (-73 - (9 + -16)) + 2 - (0 - 11).
-53
Calculate -22 - -7 - (240 - 255 - (9 - 0)).
9
What is (46 - (197 - 82)) + 39?
-30
Calculate (9 + 16 + -173 - -33) + -1 + (-15 - -3).
-128
Calculate (0 - -47) + -58 + 12.
1
Evaluate -10 + 0 - (-20 - (7 - -15 - 52)).
-20
What is the value of (-25 + 3 - -30) + 94?
102
What is (0 - (2 + (108 - 109) + (-2 - 11))) + -16?
-4
Evaluate 677 + -722 + (-4 - -32).
-17
2 - 4 - (-17 - -53 - 34)
-4
What is the value of -15 - (6 + -49 - (15 - 13) - 3)?
33
What is the value of -1 + -19 + -5 + (-17 - -61) + -96?
-77
What is -62 - (-20 - -68) - -27?
-83
Calculate -50 + (10 - 14) + -11 + -8 - -3.
-70
What is the value of 305 - 267 - (-8 + -16)?
62
Calculate -491 + 445 - (2 - 34) - (-8 - 9).
3
What is (48 - 176) + -56 + 120?
-64
What is -16661 + 16607 + (194 - 0)?
140
What is the value of 102 + -282 + (25 - 7 - -19)?
-143
What is -385 - -368 - (0 + -7 + 2) - -55?
43
What is the value of -5 - -23 - (0 + -11 + (437 - 359))?
-49
What is the value of (35 + (-35 - -12) - 29) + -40?
-57
Evaluate 36 - ((-11 - 0) + 30) - 3.
14
Evaluate -42 + (-10 + 4 - (-15 - (1 + -18))).
-50
Calculate -3 + -28 + (-270 - -345).
44
Calculate 0 + (6 - 4) + (6 - 2) - (91 + -26).
-59
Calculate (2 - (-33 + 22 - 10) - 15) + (4 - -1).
13
What is the value of 42 - (0 + -4 + (1 - 0) + 1728 + -1722)?
39
Calculate (107 - 50) + -47 + -63.
-53
Evaluate (0 - 6 - (6 - (1 + 5))) + (5892 - 5847).
39
Evaluate 210 + -117 - -22 - (12 - -4).
99
What is the value of -7 - -2 - (-37 - (-169 + 54))?
-83
Calculate 31 + -74 + 4 + 39 - (1 + 1).
-2
Calculate (81 - -7) + 6 + (12 - 18) + (-1 - 10).
77
-23 + 17 + 10 + (-2 - 3) + 48 - 6
41
-4 + (0 - -7 - (65 + 1)) + 13
-50
What is the value of 40 - (40 - (0 - -43))?
43
Evaluate -56 - (-15 - (-4 + 24 + -62)).
-83
Evaluate (-17 - (-5 - (-17 + 8) - 7) - 0) + -69.
-83
What is -227 - -383 - 184 - (-27 + 1)?
-2
Evaluate 6455 + -6546 - (-120 - 1).
30
Evaluate -135 - -113 - (-1 + (2 - 4) + 5 - 6).
-18
Evaluate -14 - (-9 + 12 + (13 - 8)).
-22
(-15 - -1) + (0 + -6 - (-179 + 49 + -1))
111
What is the value of 8 + -37 + 19 + -3 + -16?
-29
Evaluate (0 - -73) + (3085 - 3136).
22
What is the value of 7 + (0 - 0 - (3 - -27 - 23) - -9)?
9
Calculate (7 + -8 - 6) + 1 + -2 + (58 - -2).
52
Evaluate (10 - 1) + -2 + 385 + -453 - -8.
-53
Calculate 39 - ((17 - 18) + 3).
37
Evaluate -9 + 3 - -26 - 87 - (-1 - 1).
-65
What is -66 - (-18 - -22) - -30 - 16?
-56
What is (-18 - 44 - -3) + -30 + 15?
-74
What is -44 + -15 + -11 + 57?
-13
37 + -41 + -57 + 44
-17
What is the value of -6 + 30 + 43 + -24?
43
What is 129 - (141 + -16 + -12)?
16
What is -11 - (31 + 7 - (9 + 13))?
-27
6 + -30 + -18 + 17 + -11
-36
What is -12 + -12 + 5 + 2 + (-33 - 16)?
-66
Evaluate -96 - ((-82 - -38) + -4).
-48
What is the value of 168 - ((84 - -2) + (1773 - 1816))?
125
What is the value of (-25 - -10 - -17 - 23) + 9 + -3?
-15
What is the value of -10 - (-6761 + 6769 - ((124 - 1) + 1 + -3))?
103
What is the value of 11 + (13 - -8) + -9 + (-5 - -4)?
22
What is (-48 + 56 - 11) + 42?
39
16 + (-19 + 35 - -2)
34
41 - ((-23 - -50) + -13)
27
Calculate (17 - 1) + (3 - (7 - 10)) + 7.
29
Evaluate 27 + -5 + 1 + (443 - 501).
-35
What is (-85 - -101) + 64 - 126?
-46
-13 + (15 - (-38 - -56 - (10 - -2))) + -51
-55
(-2 - -3) + 14 + (-3895 - -3928)
48
What is -16 + -3 + -4 + -3 + 20?
-6
What is -6 - (16 - (-18 + 94) - -14)?
40
What is the value of (-36 - -5) + (-303 - -319)?
-15
Evaluate 47 + -14 - (11 + 2).
20
What is 117 + -27 + -121 + 44?
13
What is -185 + 217 + (6 - -2)?
40
What is 1 + 180 - 65 - (1 + -4 + -3)?
122
What is the value of -1 + -2 - (55 - 66) - (51 + -2)?
-41
5 - 33 - (-5 - (31 - 15)) - (-116 + 2)
107
What is -1 + 37 + (39 - (-11 + 53))?
33
What is 95 - (75 - (46 - 22))?
44
(68 + -29 - 79) + -27
-67
What is the value of -40 - (-42 + -11) - -7?
20
What is 2 + (6 - 24 - 35)?
-51
Calculate -9 + 3 + (-3 - -1) + (22353 - 22314).
31
Calculate 1 - (4 + (33 - 63)) - -29.
56
Calculate -16 + (-126 + 0 - ((-2 - -17) + -37)).
-120
0 + (-1 - -13) - (-70 - 28)
110
What is the value of -18 + 66 - (0 - (29 + -9))?
68
What is (4 + -25 + 102 - 4) + -20?
57
Calculate -19 - (70 - 54) - -34.
-1
0 + 18 + 4 + -12 + 44
54
-111 + 62 + (-12 + 3 + -7 + 17 - 14)
-62
Evaluate (-28 - 2 - (-83 + -14 - -118)) + 12.
-39
What is the value of -23 - -30 - (4 + -1 - (31 + -29) - -7)?
-1
What is 1 - 2 - 26 - (-969 - -959) - 57?
-74
Calculate -240 + 125 + -163 + 146.
-132
Calculate 20 + -1 + (28 - 70).
-23
Evaluate 0 + -5 + (16 + (-16 - -20) - 92) + -13.
-90
-35 + 62 - 37 - (11 - -83 - 6)
-98
Evaluate (-2 - -24) + -171 - -245.
96
What is 125 - (34 + (28 - 34 - 21))?
118
Calculate (29 - 41 - (7 - 8)) + -1 + 1 - 81.
-92
What is the value of 71 + (-39 - 56) + 45?
21
What is the value of 56 + -19 + 48 - 67?
18
What is 245 + -225 - (-9 + 7)?
22
What is -39 - (-44 + (-68 - -37) - 9)?
45
Evaluate (33 - (-19 + 33)) + -39.
-20
What is -13 - -65 - -11 - 48?
15
What is the value of (-13 - -3 - 93) + (-39 - -70)?
-72
Evaluate -967 - -993 - (-2 + 28).
0
Calculate -4 + -10 + 0 + (-5 + -49 - -3).
-65
What is 24 - 4 - ((-14 - (9 - 110)) + -32)?
-35
(-1 - (3 + -4)) + (-77 - -74)
-3
Evaluate -15 + (20 - -8 - 12) - (-12 + -1).
14
What is the value of 5 - (-4 - (8 - (-7 - ((7 - 5) + 23))))?
49
What is 0 - 76 - (-706 - -679)?
-49
Evaluate (-5 - 76 - (-14 + 11)) + (-38 - -53).
-63
Calculate 67 + -35 + (83 - 57).
58
Calculate 42 + 37 + -55 + -45.
-21
Evaluate -6 - (1 + -1) - ((42 - 59) + -39 + 2).
48
(12 - 4) + -3 + -52 + 46 + 4 + 49
52
Calculate -2 - -16 - (54 - -5 - -3).
-48
What is (-117 - -332 - 112) + -158?
-55
(4 - -64 - -14) + -33
49
9 + (-14 - -7) + 14
16
Calculate -16 - (-15 + (25 - 19 - 2) - -2).
-7
Calculate 12 - (-15 + (1 - ((-5 - 20) + 10 + 10))).
21
Evaluate (-21 + 49 - 31) + -6.
-9
(-31 - 38 - 35) + 65
-39
What is the value of 101 + (3 + (11 - 13) - (-22 + 27))?
97
What is the value of (52 + -30 + -36 - (1 - 1)) + 70?
56
58 - (15 - -141) - -149
51
Evaluate -2 + 82 - (91 - -110 - 188).
67
-4 + (11 - (1 - 3) - (462 + -448))
-5
Calculate 75 + (9 + 39 - 117).
6
Calculate 20 + -29 + (-64 - (15 + -9 - 6)).
-73
What is -4877 - -4871 - (-1 + (0 - 56))?
51
What is -71 - -83 - 11 - (2 - 66)?
65
Calculate (-16 - -64) + 18 + 7 + 8 + -6.
75
Calculate -21 + 0 - -11 - -49.
39
What is (-9 - -40 - -3) + 14 + 0?
48
What is -1 - 5 - (-94 - -62 - -52)?
-26
Evaluate -99 - -195 - 101 - (26 - -1).
-32
Calculate 27 + (-21 - (-10 + -1 - (-465 + 483))).
35
Evaluate 161 - (130 + 96 - 110).
45
What is -18 + 2 - (167 + -136 + 95)?
-142
Calculate -48 + 5 + -1 + (-40 - -39).
-45
What is -63 - (-34 - 81) - 8?
44
Evaluate -18 - (12 + -18 + 46 + -12).
-46
10 + -22 + 5 + -6 - -32
19
What is (71 + 6 - -3) + -37?
43
What is the value of (-30 + -35 - 0) + 26?
-39
Calculate 36 - (30 - (16 + (